etermine a(8).
-36
Let z(a) = 8*a - 11. Give z(2).
5
Let p(i) = 6*i + 48. What is p(-8)?
0
Let j(b) = 80*b + 392. Calculate j(-5).
-8
Let g(r) = -r**2 - 1. What is g(0)?
-1
Let p(v) = v**3 - 7*v**2 + 4*v - 3. Determine p(6).
-15
Let v(x) = x**2 - 23*x - 322. Calculate v(33).
8
Let b(a) = -6*a**3 - 12*a - 13. Calculate b(-1).
5
Let m(l) = -8*l - 63. Determine m(-5).
-23
Let c(j) = j**2 + 4*j - 8. Determine c(-9).
37
Let r(m) = -7*m - 44. Determine r(-4).
-16
Let u(q) = -q**2 + 12*q - 10. Calculate u(11).
1
Let t(u) = -u**2 - 7*u + 11. Calculate t(-9).
-7
Let l(c) = -c**3 - 7*c**2 + 6*c - 14. Calculate l(-8).
2
Let k(x) = x**3 + 30*x**2 + 32*x + 116. Give k(-29).
29
Let a(d) = d**2 - 40*d + 272. What is a(31)?
-7
Let w(v) = -4*v. Calculate w(-2).
8
Let i(u) = u**3 - u**2 - 4*u + 2. Calculate i(3).
8
Let v(m) = 17*m + 346. Determine v(-20).
6
Let u(w) = -10*w**2 + 8*w + 13. Determine u(-2).
-43
Let w(s) = 5*s + 29. Determine w(-1).
24
Let l(i) = -6*i + 25. Calculate l(5).
-5
Let d(s) = -70*s**3 - 3*s**2 + 1. Give d(1).
-72
Let v(z) = -z**3 + 5*z**2 + 4*z + 4. What is v(7)?
-66
Let k(p) = -p**2 - 9*p - 5. Determine k(-3).
13
Let z(o) = 8*o - 3. Calculate z(1).
5
Let n(k) = -3*k**2 - 8*k + 13. Calculate n(-3).
10
Let l(r) = -r**3 + 7*r**2 + 11*r + 2. Give l(8).
26
Let n(q) = -q**2 + 11*q + 125. What is n(-7)?
-1
Let y(p) = p**2 - 7*p + 5. Give y(3).
-7
Let c(l) = 5*l + 5. What is c(-24)?
-115
Let d(p) = -4*p - 35. What is d(-10)?
5
Let d(p) = -p**2 - 14*p + 26. Give d(-14).
26
Let a(q) = -q**3 + 2*q**2 + 9*q - 4. Determine a(4).
0
Let z(k) = k**3 + 6*k**2 + 4*k - 4. Give z(-5).
1
Let r(n) = -2*n**2 + 40*n + 85. Determine r(-2).
-3
Let b(z) = z**2 - 2*z + 1. What is b(2)?
1
Let q(a) = -9*a + 2. What is q(0)?
2
Let m(g) = g**2 - g - 5. Calculate m(5).
15
Let w(p) = 8*p - 2. What is w(-1)?
-10
Let x(l) = -l**3 + 11*l**2 + 14*l - 24. What is x(12)?
0
Let o(s) = -2*s - 4. Give o(-5).
6
Let o(s) = 70*s + 567. What is o(-8)?
7
Let i(k) = k**2 + 3*k - 10. What is i(0)?
-10
Let p(g) = 24*g - 340. Calculate p(14).
-4
Let i(p) = p**2 + 8*p - 4. Calculate i(-9).
5
Let z(n) = n**3 - 4*n**2 - 5*n + 6. Calculate z(4).
-14
Let x(l) = -2*l - 9. Calculate x(-4).
-1
Let f(x) = x**3 + 3*x**2 + 6*x + 9. Give f(-2).
1
Let q(p) = 2*p**2 - 16*p - 130. Determine q(-5).
0
Let l(s) = 139*s - 407. Give l(3).
10
Let c(k) = -2*k + 6. Calculate c(5).
-4
Let p(a) = -2*a**3 - 15*a**2 - 12*a - 4. Give p(-7).
31
Let b(h) = 65*h**2 + 3*h + 3. What is b(-1)?
65
Let m(c) = -65*c - 1. Give m(2).
-131
Let h(r) = -r**3 - r**2 - 28. Give h(0).
-28
Let u(c) = c**3 - 7*c**2 + 6*c. Calculate u(5).
-20
Let j(m) = -2*m + 8. What is j(-17)?
42
Let u(n) = -10*n**3 + 2*n**2 + 7*n + 2. Determine u(-3).
269
Let s(x) = 7*x**2 - 69*x - 8. Calculate s(10).
2
Let t(c) = -c**3 + 4*c**2 - 2*c - 2. Calculate t(2).
2
Let j(b) = 5*b - 26. Give j(9).
19
Let v(c) = -c**3 + 18*c**2 + 13*c + 10. Calculate v(19).
-104
Let l(u) = -u**2 + 2*u. Calculate l(0).
0
Let m(h) = h**2 - 7*h - 5. Calculate m(5).
-15
Let t(g) = g**3 - 7*g**2 + 13*g - 32. What is t(7)?
59
Let p(x) = -x**3 - 17*x**2 - x - 1. Give p(-17).
16
Let s(h) = 2*h**3 + 10*h**2 - 6*h - 9. What is s(-6)?
-45
Let w(o) = -2*o**3 - 3*o**2 + 3*o + 5. Give w(-3).
23
Let t(j) = -7*j + 39. What is t(6)?
-3
Let i(q) = -17*q**3 - q**2 - 4*q - 3. What is i(-1)?
17
Let l(r) = 10*r**2 + 10*r + 9. Give l(-4).
129
Let k(c) = 2*c**3 + 14*c**2 - 10*c + 17. Calculate k(-8).
-31
Let o(t) = -2*t + 18. What is o(7)?
4
Let x(n) = -4*n**3 - 8*n**2 + 5*n + 2. What is x(1)?
-5
Let r(u) = -50*u - 1194. Determine r(-24).
6
Let y(l) = -2*l + 24. Give y(22).
-20
Let o(y) = y**2 - 3*y - 8. Give o(6).
10
Let v(x) = 2*x + 8. What is v(-6)?
-4
Let h(v) = 9*v - 57. Calculate h(-5).
-102
Let h(f) = -f**3 + 3*f**2 + 5*f - 10. Determine h(5).
-35
Let z(c) = -36*c**2 + 2*c - 3. Calculate z(-2).
-151
Let h(a) = a**2 - 10*a + 21. Determine h(4).
-3
Let v(h) = -3*h + 20. Calculate v(10).
-10
Let r(c) = -c**3 - 8*c**2 - 3*c + 9. What is r(-8)?
33
Let x(n) = 3*n**2 + 3*n - 7. Give x(-4).
29
Let r(o) = -o**3 + 13*o**2 - 4*o + 35. Calculate r(13).
-17
Let v(l) = 8*l - 1. Give v(-3).
-25
Let n(p) = 2*p**3 + 5*p**2 - 3*p + 1. What is n(-4)?
-35
Let c(x) = 2*x**3 - 30*x**2 + 27*x + 11. Determine c(14).
-3
Let f(t) = 7*t - 17. Determine f(4).
11
Let p(w) = -w**2 - 4*w + 5. Give p(-5).
0
Let n(d) = d**3 + 12*d**2 - 13*d + 3. Give n(-13).
3
Let y(i) = i**2 - 2*i - 18. Give y(-4).
6
Let a(o) = 2*o**2 - o - 9. What is a(0)?
-9
Let q(i) = -i - 8. Give q(9).
-17
Let h(o) = o**3 - 2*o**2 - 4*o + 1. What is h(3)?
-2
Let r(x) = x**2 - 27*x + 83. Determine r(23).
-9
Let p(j) = -2*j**2 + 39*j - 10. Give p(19).
9
Let f(w) = 2*w + 6. Determine f(7).
20
Let n(q) = q - 18. Determine n(7).
-11
Let m(t) = t**3 + 4*t + 4. Give m(-3).
-35
Let k(a) = -a**3 - 5*a**2 + 26*a + 15. Calculate k(-8).
-1
Let z(k) = k**2 - 18*k + 19. Determine z(8).
-61
Let h(r) = r**3 + 4*r**2 - 7*r + 1. Give h(-5).
11
Let l(u) = u**3 + 23*u**2 + 24*u + 38. What is l(-22)?
-6
Let g(p) = p - 7. Determine g(6).
-1
Let h(z) = -z**3 + 8*z**2 + 5*z - 17. Determine h(7).
67
Let k(l) = -l**3 - 5*l**2 + 24*l + 6. Determine k(-8).
6
Let k(m) = 7*m + 11. Determine k(-3).
-10
Let c(p) = -20*p - 2. What is c(-2)?
38
Let f(g) = -2*g**2 + 3*g + 3. Give f(-1).
-2
Let p(w) = -w**2 + 5*w - 17. Calculate p(7).
-31
Let g(o) = o**2 + 32*o + 3. Give g(-32).
3
Let y(w) = -w**2 - 39*w + 52. Determine y(-40).
12
Let r(p) = p**2 + 2*p + 2. Determine r(4).
26
Let n(z) = z**3 + 8*z**2 + 8*z + 7. Calculate n(-3).
28
Let y(f) = 3*f**2 + f - 2. Calculate y(2).
12
Let s(u) = -9*u - 2. Calculate s(1).
-11
Let t(r) = -r**3 + 10*r**2 + 24*r - 8. Give t(12).
-8
Let n(k) = 3*k**2 + 20*k + 6. Give n(-8).
38
Let w(l) = -l**2 - 7*l + 3. Give w(-9).
-15
Let x(a) = 5*a + 5. Give x(3).
20
Let c(b) = 3*b**2 + 4. Determine c(-4).
52
Let k(m) = -17*m + 9. Determine k(3).
-42
Let f(p) = 3*p**3 - 2*p**2 + 3*p - 2. Determine f(1).
2
Let r(j) = 9*j**2 - 7*j - 12. Determine r(-4).
160
Let t(h) = -8*h - 2. Give t(1).
-10
Let z(r) = -8*r**2 - r + 11. What is z(4)?
-121
Let n(u) = u - 15. What is n(0)?
-15
Let o(k) = 2*k**3 - 19*k**2 + 7*k + 5. Determine o(9).
-13
Let s(t) = t**3 + 26*t**2 + 3*t + 68. What is s(-26)?
-10
Let o(k) = -2*k**2 - 7*k. Determine o(-5).
-15
Let g(k) = -k**3 - 2*k**2 + 3*k + 3. Calculate g(-4).
23
Let f(b) = 6*b**3 + b**2 - 2*b + 1. Determine f(1).
6
Let f(m) = 5*m + 12. Determine f(-15).
-63
Let q(k) = k**2 - 11*k - 86. Determine q(-5).
-6
Let g(o) = -6*o**3 + 2*o**2 + 3*o + 1. Calculate g(-1).
6
Let j(q) = -q**2 + 14*q - 14. Give j(14).
-14
Let x(j) = -91*j - 165. Determine x(-2).
17
Let h(d) = -7*d + 18. What is h(0)?
18
Let d(j) = 12*j - 247. Calculate d(21).
5
Let k(s) = -s**2 + 5*s + 18. Determine k(6).
12
Let o(c) = -c**3 - 2*c**2 - c + 1. Give o(0).
1
Let o(b) = b**3 - 7*b**2 - 7*b + 2. What is o(8)?
10
Let g(n) = -2*n**2 + 35*n + 74. Determine g(19).
17
Let b(q) = 10*q**3 - q**2 + q - 2. Give b(-2).
-88
Let v(u) = -u**2 + 8*u - 11. Calculate v(10).
-31
Let u(n) = 5*n - 7. Determine u(5).
18
Let d(c) = -c**3 + 38*c**2 + 43*c - 135. Calculate d(39).
21
Let c(h) = -h**2 - 6*h - 7. What is c(-7)?
-14
Let a(u) = u**3 + 5*u**2 - 9*u - 8. Calculate a(-6).
10
Let o(d) = d**3 - 11*d**2 + 6. Give o(11).
6
Let f(y) = -y**2 + 2*y - 105. Calculate f(0).
-105
Let v(s) = s**2 - 9*s - 11. What is v(9)?
-11
Let o(u) = -u**3 + 8*u**2 + 9*u - 2. Calculate o(9).
-2
Let m(l) = -3*l + 26. Calculate m(-16).
74
Let x(n) = -2*n**2 - 49*n - 41. What is x(-22)?
69
Let a(o) = -o**2 + 19*o + 64. What is a(22)?
-2
Let j(o) = 166*o - 339. Calculate j(2).
-7
Let n(w) = -w**2 - 14*w + 15. Give n(-12).
39
Let a(c) = c**3 + 4*c**2 + 2*c - 2. Give a(-4).
-10
Let m(x) = -x**2 - 8*x - 13. What is m(-6)?
-1
Let m(a) = 16*a + 163. What is m(-11)?
-13
Let x(j) = j**2 + 7*j + 5. What is x(-4)?
-7
Let f(z) = z**3 + 5*z**2 + 2*z - 12. Calculate f(-6).
-60
Let d(f) = f**3 + f**2 - 10. What is d(0)?
-10
Let g(r) = 3*r - 11. What is g(-5)?
-26
Let s(w) = w**2 + 2*w - 11. Calculate s(-6).
13
Let a(g) = -2*g - 6. What is a(-4)?
2
Let l(i) = -i**2 - 5*i. What is l(-5)?
0
Let j(p) = -17*p - 2. Calculate j(-1).
15
Let p(f) = -3*f + 30. What is p(9)?
3
Let s(k) = -8*k**3 - 2*k - 2. What is s(-1)?
8
Let c(l) =